at are the prime factors of 855?
3, 5, 19
List the prime factors of 40398.
2, 3, 6733
What are the prime factors of 12575?
5, 503
What are the prime factors of 10873?
83, 131
What are the prime factors of 18695?
5, 3739
List the prime factors of 98670.
2, 3, 5, 11, 13, 23
What are the prime factors of 1209?
3, 13, 31
List the prime factors of 5465.
5, 1093
What are the prime factors of 5563?
5563
List the prime factors of 30407.
13, 2339
What are the prime factors of 12580?
2, 5, 17, 37
What are the prime factors of 1023?
3, 11, 31
List the prime factors of 39999.
3, 67, 199
What are the prime factors of 24066?
2, 3, 7, 191
List the prime factors of 29060.
2, 5, 1453
List the prime factors of 6490.
2, 5, 11, 59
What are the prime factors of 5999?
7, 857
List the prime factors of 106825.
5, 4273
What are the prime factors of 1934?
2, 967
List the prime factors of 2757.
3, 919
What are the prime factors of 5510?
2, 5, 19, 29
List the prime factors of 25561.
25561
List the prime factors of 2573.
31, 83
What are the prime factors of 20244?
2, 3, 7, 241
What are the prime factors of 2958?
2, 3, 17, 29
List the prime factors of 2860.
2, 5, 11, 13
What are the prime factors of 47?
47
List the prime factors of 1023.
3, 11, 31
What are the prime factors of 1757?
7, 251
List the prime factors of 1515.
3, 5, 101
What are the prime factors of 10684?
2, 2671
What are the prime factors of 8937?
3, 331
List the prime factors of 50512.
2, 7, 11, 41
What are the prime factors of 4769?
19, 251
List the prime factors of 5181.
3, 11, 157
List the prime factors of 531.
3, 59
What are the prime factors of 5834?
2, 2917
List the prime factors of 154546.
2, 7, 19, 83
What are the prime factors of 29375?
5, 47
List the prime factors of 1183.
7, 13
What are the prime factors of 1320?
2, 3, 5, 11
List the prime factors of 226.
2, 113
What are the prime factors of 2347?
2347
What are the prime factors of 128?
2
List the prime factors of 30691.
47, 653
What are the prime factors of 5421?
3, 13, 139
List the prime factors of 20619.
3, 29, 79
List the prime factors of 109.
109
What are the prime factors of 99888?
2, 3, 2081
List the prime factors of 117442.
2, 13, 4517
What are the prime factors of 20193?
3, 53, 127
List the prime factors of 1278.
2, 3, 71
What are the prime factors of 19427?
19427
What are the prime factors of 1846?
2, 13, 71
List the prime factors of 40626.
2, 3, 37, 61
List the prime factors of 75398.
2, 37699
What are the prime factors of 83814?
2, 3, 61, 229
List the prime factors of 2828.
2, 7, 101
List the prime factors of 67893.
3, 7, 53, 61
What are the prime factors of 5845?
5, 7, 167
List the prime factors of 4486.
2, 2243
What are the prime factors of 13090?
2, 5, 7, 11, 17
What are the prime factors of 11374?
2, 11, 47
List the prime factors of 33023.
33023
What are the prime factors of 22695?
3, 5, 17, 89
List the prime factors of 2631.
3, 877
What are the prime factors of 5169?
3, 1723
List the prime factors of 10952.
2, 37
What are the prime factors of 1693?
1693
What are the prime factors of 2087?
2087
What are the prime factors of 1370?
2, 5, 137
List the prime factors of 22837.
41, 557
What are the prime factors of 5814?
2, 3, 17, 19
What are the prime factors of 5098?
2, 2549
What are the prime factors of 2707?
2707
List the prime factors of 65938.
2, 32969
List the prime factors of 17.
17
List the prime factors of 1211.
7, 173
What are the prime factors of 25851?
3, 7, 1231
What are the prime factors of 18588?
2, 3, 1549
List the prime factors of 1007.
19, 53
What are the prime factors of 9395?
5, 1879
List the prime factors of 2421.
3, 269
List the prime factors of 747.
3, 83
List the prime factors of 11171.
11171
List the prime factors of 21658.
2, 7, 13, 17
What are the prime factors of 16971?
3, 5657
What are the prime factors of 30402?
2, 3, 563
What are the prime factors of 2665?
5, 13, 41
List the prime factors of 561.
3, 11, 17
What are the prime factors of 19597?
19597
List the prime factors of 64878.
2, 3, 11, 983
List the prime factors of 8430.
2, 3, 5, 281
List the prime factors of 686.
2, 7
What are the prime factors of 1460?
2, 5, 73
List the prime factors of 386.
2, 193
What are the prime factors of 10034?
2, 29, 173
What are the prime factors of 1817?
23, 79
List the prime factors of 637.
7, 13
What are the prime factors of 44560?
2, 5, 557
What are the prime factors of 23176?
2, 2897
What are the prime factors of 67189?
67189
List the prime factors of 253.
11, 23
List the prime factors of 82898.
2, 181, 229
What are the prime factors of 28659?
3, 41, 233
List the prime factors of 6297.
3, 2099
What are the prime factors of 624?
2, 3, 13
What are the prime factors of 51694?
2, 25847
What are the prime factors of 26396?
2, 6599
What are the prime factors of 12576?
2, 3, 131
What are the prime factors of 5417?
5417
List the prime factors of 1045.
5, 11, 19
What are the prime factors of 2902?
2, 1451
What are the prime factors of 32577?
3, 10859
List the prime factors of 3461.
3461
List the prime factors of 3125.
5
What are the prime factors of 27823?
27823
List the prime factors of 33125.
5, 53
List the prime factors of 2900.
2, 5, 29
List the prime factors of 3447.
3, 383
What are the prime factors of 13?
13
What are the prime factors of 5476?
2, 37
What are the prime factors of 3142?
2, 1571
What are the prime factors of 780?
2, 3, 5, 13
What are the prime factors of 2634?
2, 3, 439
What are the prime factors of 6413?
11, 53
List the prime factors of 65.
5, 13
What are the prime factors of 18221?
7, 19, 137
What are the prime factors of 655?
5, 131
What are the prime factors of 8310?
2, 3, 5, 277
What are the prime factors of 34017?
3, 17, 23, 29
List the prime factors of 26882.
2, 13441
What are the prime factors of 80908?
2, 113, 179
What are the prime factors of 1381?
1381
What are the prime factors of 2424?
2, 3, 101
What are the prime factors of 147369?
3, 49123
What are the prime factors of 1179?
3, 131
List the prime factors of 15.
3, 5
What are the prime factors of 249?
3, 83
List the prime factors of 45111.
3, 11, 1367
What are the prime factors of 15818?
2, 11, 719
List the prime factors of 987.
3, 7, 47
List the prime factors of 441.
3, 7
What are the prime factors of 583?
11, 53
List the prime factors of 665.
5, 7, 19
List the prime factors of 23332.
2, 19, 307
What are the prime factors of 58858?
2, 29429
List the prime factors of 21309.
3, 7103
List the prime factors of 2227.
17, 131
What are the prime factors of 158859?
3, 19, 929
What are the prime factors of 11300?
2, 5, 113
List the prime factors of 5.
5
List the prime factors of 3449.
3449
List the prime factors of 1837.
11, 167
List the prime factors of 137555.
5, 11, 41, 61
What are the prime factors of 196224?
2, 3, 7, 73
List the prime factors of 13043.
13043
List the prime factors of 751.
751
What are the prime factors of 1034?
2, 11, 47
What are the prime factors of 10827?
3, 401
What are the prime factors of 1822?
2, 911
What are the prime factors of 24761?
11, 2251
What are the prime factors of 12396?
2, 3, 1033
What are the prime factors of 9633?
3, 13, 19
List the prime factors of 23420.
2, 5, 1171
What are the prime factors of 3421?
11, 311
List the prime factors of 31941.
3, 7, 13
List the prime factors of 37934.
2, 13, 1459
List the prime factors of 2462.
2, 1231
List the prime factors of 19706.
2, 59, 167
What are the prime factors of 1967?
7, 281
List the prime factors of 3348.
2, 3, 31
List the prime factors of 16569.
3, 7, 263
What are the prime factors of 938?
2, 7, 67
What are the prime factors of 794?
2, 397
List the prime factors of 1111.
11, 101
List the prime factors of 126453.
3, 61, 691
What are the prime factors of 420?
2, 3, 5, 7
What are the prime factors of 1150?
2, 5, 23
List the prime factors of 886.
2, 443
List the prime factors of 1823.
1823
What are the prime factors of 4966?
2, 13, 191
List the prime factors of 17470.
2, 5, 1747
List the prime factors of 193.
193
What are the prime factors of 12957?
3, 7, 617
What are the prime factors of 2548?
2, 7, 13
List the prime factors of 105318.
2, 3, 5851
List the prime factors of 8265.
3, 5, 19, 29
What are the prime factors of 115?
5, 23
What are the prime factors of 9